9) + -7 + 20).
26
71 + (-48 - -8) + (2 - 35)
-2
What is the value of -49 - -13 - -5 - -13 - -4?
-14
What is the value of -15 - (-7 - ((-2 + -18 + 10 - -7) + 6))?
-5
What is the value of 47 - (-23 - (-12 - 6) - -21)?
31
Evaluate 10 - (5 - 4) - 12 - (2 + (-2 - 5)).
2
What is (-2 - 3) + -5 - -3 - (23 - (40 + -25))?
-15
What is (16 + (-23 - -1) - 0) + (1 - (1 - -1))?
-7
What is the value of (9 - 1) + 0 + 25 + -27 + -105 + -38?
-137
-19 - ((-29 - (-7 - 17)) + (-6 - -16))
-24
What is (-1 + 28 - (1774 - 1786)) + (-13 - 2 - -2)?
26
Calculate (-15 - ((-17 - 17) + (26 - 4) + -9)) + -97.
-91
What is (1 - (-42 - 1)) + 237 + -477 + 237?
41
Calculate 69 + -23 + 33 + -113.
-34
Evaluate 39 - (39 - (68 + 6)).
74
What is (8 - -9 - 1) + (-73 - (-1 + 11))?
-67
What is the value of -10 - -33 - (14 + 3)?
6
Evaluate -112 + 2 + (-4760 - -4873).
3
Evaluate (60 - 70) + (31 - (9 - (2 - -6 - 4))).
16
-9 - (-17 - (49 - 75) - (0 + -1))
-19
What is the value of 2 - (9 - ((-14 - (9 + -26)) + -82))?
-86
What is the value of -4 - (-6 - -17 - (9 - -22))?
16
54 - 41 - -16 - (0 - -2 - (-9 + 11))
29
Calculate -36 - (13 - (-9 + 29)).
-29
What is -6 - ((-18 - -2) + -1) - (-46 - -20)?
37
Evaluate -8 - (32 - -1 - (54 + -70)) - -9.
-48
What is 49 - (-1 + -19 - (-71 + -86 + 155))?
67
What is (15 - 22 - 21) + -12 + 51?
11
Calculate -15 + (28 - -1) + (-3 - 13).
-2
Calculate -7 + (-62 - (50 - 65)).
-54
What is the value of (9 - 12) + -23 + (-57 - 30) - -26?
-87
Calculate 73 + -451 + 459 + -6 + 1.
76
Evaluate -5 + (8 - 18 - -4) - -2 - -1.
-8
5 - (3 - (0 - 5)) - (12 - 58)
43
Evaluate 22 - (-6 - (11 - (-7 + 15))).
31
(259 - 119 - 43) + -97
0
Evaluate -1 + -7 + -1 - (1129 - 1076 - (48 + 0)).
-14
Evaluate (-93 + 301 - 94) + -92.
22
Evaluate -44 + (97 - 49) - (-5 + 5 + 3 + -63).
64
Calculate -10 + (147 - 152) + 0 + 15 - 11.
-11
Evaluate (-106 - (-12 - (-25 + 10))) + (-26 - -18).
-117
(-27 - (21 + -58)) + 82 + -1
91
14 - (25 + (-27 - -83) + 4)
-71
Evaluate -1 + 3 + -4 + (0 - -18) - (28445 + -28523).
94
What is -30 + -74 + 170 + -127?
-61
(-8 - 0) + (-14 - (-25 + -20)) + 14
37
What is 49 + -55 + 2 + -42?
-46
What is the value of -5 - (-37 + (12 - -11) + -11) - 9?
11
What is (-11 - -5) + 15 - (-22 + (-11 - 15))?
57
-10 - (-39 + 0 - (-17 + (14 - -4) + -12))
18
What is the value of 9 - 58 - (236 + -301) - (127 - 1)?
-110
Calculate (-129 - -13) + 3 + -11 + 1 + (-3 - -5).
-121
What is (0 - 2) + -9 + 88 + -92?
-15
What is the value of -10 + 47 + (-1 - -3 - 0 - -2)?
41
What is -14 - ((-41 - -11) + 15 - 27)?
28
What is -220 + 321 + 20 + -15 + (-19 - -1)?
88
Evaluate 2 + -1 - (-6 + (-14 + 23 - 23 - 30)).
51
What is -10 + (-18 + -74 - 4)?
-106
Calculate -18 - (82 + -124 - -85).
-61
Calculate 0 + 3 + (-13 - (-2 + (-11 - 4)) - 49).
-42
Evaluate 50 + 1 + -47 - (-26 + -1).
31
Calculate 3 - (2 + 10 + 2) - (117 - 88).
-40
Calculate 55 - (4 + -38 - -41).
48
Evaluate (1 - -4 - 4) + -2 + -503 + 435.
-69
What is the value of 1 + -48 + 226 + -197?
-18
What is the value of -39 - -9 - (48 - 17 - 47)?
-14
Evaluate -4 - (5 + (19 - 0) - 6).
-22
What is 49 + -43 + (4 - (-3 - -15))?
-2
Evaluate -6 - -1 - (-6 + -15 + 34 + 16 + -13).
-21
Calculate 59 + (-47 - -32) + -37.
7
39 + 17 + -16 + 2 + -108 + 110
44
Calculate (72 - -13 - -22) + -21.
86
What is the value of (-1 - (-2 - 7) - (5 + 12 + 3)) + 49?
37
What is the value of -135 - -69 - -23 - -44?
1
Calculate -18 + -315 + 295 + -1 + -58.
-97
What is 85 + -45 + -4 + 4 - (0 + -17)?
57
Calculate 46 + -1 + (3526 - 3544).
27
Calculate -2 + (5 + (-11 - (-11 + 11)) + 19 - 4).
7
Evaluate 0 - -48 - (24 + 16 + -49 + -3).
60
Calculate 0 - 23 - (177 - 187) - (-59 - 2).
48
What is the value of -52 + -87 - -56 - -93?
10
What is the value of -3 - 25 - (-2 - (-9 - -13))?
-22
What is (9 - 6 - 10 - -32) + 44?
69
Evaluate -9 - ((-21 - (-4 + -16)) + 45).
-53
Calculate (5 + 2 - -16) + -20 + -11.
-8
Evaluate -61 + (-84 - -18) + 67.
-60
Evaluate 66 - (-2 - (-158 - -39)).
-51
What is the value of 47 + -114 + 73 + -5?
1
1 + -24 + 3809 + -3775
11
Evaluate (-47 + 110 - 52) + 33.
44
(-560 - -555) + (58 - -10)
63
What is the value of 11 + -10 + 11 - (8 - (104 - (1 + -4)))?
111
What is 13 + (-35 - -3) + -2 + -5 + 10?
-16
What is -18 + (17 + -1 - 36) + 27?
-11
Evaluate -14 + (-3 + 1 - (-20 + 6 + 5)).
-7
What is -17 + (50 - (89 + -24))?
-32
Evaluate (80 + -21 - 16 - 12) + -6.
25
15 + (-285 - -267 - (-1 - -2)) + -1
-5
Evaluate 37 - (89 - 67) - (1 - -10).
4
Evaluate (8 - (14 + -6)) + -15 + -71 + 13 + 12.
-61
((-12 - 7) + 4 - (-13 - -1)) + (-7 - 1)
-11
What is the value of -35 - (-100 + 53 - 31)?
43
(-574 - -423) + 246 + (-19 - 0)
76
Calculate 7 + -8 + (16 - (13 + (8 - 11))) + 6.
11
What is the value of (18 - (-142 + 159 - (-15 + 1))) + -2?
-15
Calculate 1 + -46 - (58 + -119 + 40).
-24
Evaluate 17 - (-24 + 39) - ((0 - -1) + (-4 - -5)).
0
Evaluate (11 - -57) + (-33 - -43) + 16.
94
Calculate 78 - -27 - (-1 + -7 - -24 - 0).
89
What is the value of 207 - (75 - (17 - 45))?
104
12 + 27 + (49 - 80)
8
33 + -22 - (-13 + 3 - (-10 - -2)) - 24
-11
60 - 22 - -23 - -13 - -10
84
Evaluate (21 + -100 + 11 - 16) + 33.
-51
Calculate (-26 - (-69 - -17)) + -8 + -50.
-32
What is the value of -1 + (-7 - -6) + 0 + (-12 - -24) + -8?
2
Evaluate ((-9 - -2) + 10 - (-29 + 21)) + -6.
5
Evaluate 5 + (-18 + (4 + -2 - 2) - -1).
-12
-44 - -190 - 153 - (-48 + 2 + -2)
41
Evaluate 0 + (-4 - (-46 + -4)).
46
What is the value of 7 + (7 - -24) + -55 + 77?
60
What is the value of (555 - 539 - (-1 + (-2 - 0))) + (0 - 0)?
19
Evaluate 33 + 0 + -29 + -41 + -31.
-68
(11 - -22) + (-190 - -202)
45
Calculate 33 + 30 + -19 + -180 - (-24 + 0).
-112
Calculate -313 + 271 + -1 + 32.
-11
Calculate 13 - ((-2 - -16) + (-5 - -28) + 79).
-103
(7 - 6) + 17 + -10 - (37 + -27)
-2
What is (14 - 7 - 47) + 21 + -17 + 8?
-28
What is 5 + 7 - (-313 + 350) - 57?
-82
Calculate (-4 - -31) + -19 + 48 - 13.
43
What is the value of -2 - (43 - (-28 - -7 - -29))?
-37
Calculate 37 - 61 - (-29 - 2) - 9.
-2
What is the value of (-137 - -88) + 30 - (-2 + -11 + -3)?
-3
Calculate -117 + (-99 - -87) + 111.
-18
Evaluate (33 - 1) + (-52 + 78 - (89 + -41)).
10
Calculate -18 + -25 + 99 - 114.
-58
What is (31 + (0 - 17) - (2 + 4)) + 4 + -5?
7
-42 + -65 + 191 + -180
-96
(-5 - 1) + 0 + (19 - 0 - -2)
15
What is the value of (17 - -3 - 1) + -1534 + 1442?
-73
What is (24 - -3) + -4 + 25 + -25 + 5?
28
-18 - (-1 + (5 - -10) + -51) - 80
-61
What is the value of -152 + 26 + (-1 - -47)?
-80
Evaluate -64 + 47 + (48 - -5).
36
Calculate 124 + (-64 - 30) + -39.
-9
What is (-1 - 73) + (12 - 8 - (2 - 14))?
-58
0 + 15 + (-123 - -104) + -49
-53
What is -207 + 132 + (11 - (5 - 5))?
-64
(-8 - 125) + 23 + -149 + 174
-85
What is (-22 - (1 + -27) - -2) + 23?
29
-127 + 168 + -35 + 2 + -50
-42
(31 - 28 - 88) + 46
-39
-120 + (61 - -93) + -57
-23
(-12 - -34) + (18 - 39)
1
71 + (18 - (14 + (-2 - 2)) - (18 - 20))
81
What is the value of -14 - (-4 + (-40 - 7))?
37
109 - (28 - -16) - 146
-81
(-10 - 7) + (-11 - 3) + 105
74
Evaluate -1 - -1 - (5085 + -5034).
-51
(12 - (3 - -9)) + -5 + (-123 - -57)
-71
Evaluate 6 + 33 - (6 - (4 + 17 + (-12 - -7))).
49
Calculate (4 - -2) + 42 + (-29 - -7).
26
Evaluate 1 + -6 - (63 + -124 + 76).
-20
Calculate (-11 - (71 - 44)) + 6.
-32
Calculate (11 - 86) + 84 - (-4 - -3 - 108).
118
1 - (3 + -1 + -2 + (59 - 31 - 19))
-8
2 - (-7 - (0 + (1 - -1))) - (-27 - -2)
36
What is the value of (-20 + (-3 - -28) - (1 + -3 - -72)) + 5?
-60
What is the value of 37 + (-7 + -11 - 2) + 35?
52
Calculate -45 + -5 - -47 - -19.
16
-3 - (133 - (25 + 18 + -14))
-107
Calculate 3 + -42 + 8 + 1 + 1 - -2.
-27
What is 41 + -60 - (-2 - (69 - (-16 + 20)))?
48
What is the value of (-37 + 31 + -22 - (9 + -1)) + (2 - -4)?
-30
What is (27 - (-1 + 1)) + -9730 + 9754?
51
What is the value of -14 + 44 + -22 - (17 + 2)?
-11
Calculate (130 - 198 - 68) + (-18 - -3 - 3).
-154
Evaluate (-38 - -16 - -17 - (11 - 16)) + -19 + -3.
-22
(23 + 105 - 129) + (-1 - (1 - (-10 + -1)))
-14
Calculate -4 + -3 - (-30 - (-39 - -56)).
40
What is (0 - (3 + -6)) + (-8 - 8 - -19) - 27?
-21
Evaluate (232 - 212) + -2 + -45.
-27
Evaluate (-3 - -54 - (-27 + (-4 - -17) + 7)) + -3.
55
74 + -17 + 15 + -91
-19
What is 1 - -170 - (3594 - 3506)?
83
Calculate (-10 - (-15 + 6)) + 13 + -3 - (1 + 22).
-14
Calculate (28 - (-5 + 1)) + -2135 + 2138.
35
Evaluate 2 + -2 + (0 +